a prime number?
False
Is 19031234881 a composite number?
False
Is 12282014117 prime?
False
Is 339142331 a composite number?
True
Is 511984183 a composite number?
True
Is 20735765389 a prime number?
False
Is 1861469993 a composite number?
False
Is 2533774363 a composite number?
False
Is 54938311 a composite number?
True
Is 90845402369 a prime number?
False
Is 964553179 prime?
True
Is 69453991369 a prime number?
False
Is 2288083699 a composite number?
True
Is 1483297601 a prime number?
False
Is 803328961 a prime number?
True
Is 1275195479 a prime number?
False
Is 149750114459 a composite number?
True
Is 2032436383 composite?
False
Is 4990935773 prime?
True
Is 3633271571 composite?
True
Is 629156123 a prime number?
False
Is 40002544537 a composite number?
True
Is 805263469 composite?
True
Is 47695425397 prime?
True
Is 9513592619 a prime number?
False
Is 90272809567 a composite number?
False
Is 8937281987 a prime number?
True
Is 67783603799 prime?
True
Is 278096861957 prime?
True
Is 50268953341 prime?
False
Is 365503909 prime?
True
Is 108899019869 a composite number?
False
Is 37637992177 a composite number?
False
Is 1598197 prime?
True
Is 442945211 prime?
True
Is 318324547 prime?
True
Is 8171253263 a composite number?
True
Is 23604561499 composite?
False
Is 11970249847 a prime number?
True
Is 531553717 prime?
True
Is 1212161837 a composite number?
False
Is 32296240363 a composite number?
True
Is 405383929 a composite number?
False
Is 101007119 prime?
True
Is 4977681013 composite?
True
Is 42581206357 a composite number?
True
Is 11706621587 a composite number?
False
Is 4806613181 prime?
True
Is 3426224899 prime?
False
Is 23563143067 composite?
False
Is 181924693 prime?
True
Is 4830852343 prime?
True
Is 3275231411 prime?
True
Is 26184820043 prime?
False
Is 9836453063 prime?
True
Is 25546808921 a composite number?
False
Is 534889909 composite?
True
Is 32290745551 composite?
True
Is 11630012623 prime?
False
Is 277923883 a composite number?
True
Is 1983117347 composite?
False
Is 256122278 a composite number?
True
Is 1040802947 composite?
False
Is 9853029943 a prime number?
True
Is 1573879987 a composite number?
True
Is 18126137059 prime?
True
Is 68336912009 composite?
True
Is 12601968703 prime?
False
Is 9171336353 prime?
True
Is 2761174209 a prime number?
False
Is 18688741009 prime?
True
Is 172529783 prime?
False
Is 71393735341 a prime number?
True
Is 10310718617 a prime number?
True
Is 403205701 a composite number?
False
Is 401413723019 prime?
True
Is 4923951323 composite?
False
Is 1611367069 a prime number?
False
Is 4120088971 a composite number?
False
Is 65914863557 prime?
True
Is 11619724577 a prime number?
False
Is 8713015327 composite?
False
Is 5615793839 composite?
False
Is 12177583729 a prime number?
True
Is 1404074593 a prime number?
True
Is 110220984479 a prime number?
True
Is 4800689761 a composite number?
True
Is 1054280387 prime?
False
Is 18354470803 a prime number?
False
Is 37679027413 composite?
False
Is 1374740959 composite?
False
Is 187887400283 prime?
False
Is 13078256809 a composite number?
True
Is 4981225807 composite?
False
Is 949913269 a prime number?
True
Is 539574569 a composite number?
False
Is 1897466533 a prime number?
True
Is 279242317 composite?
False
Is 591133621 composite?
True
Is 14081764199 composite?
True
Is 56687835857 a prime number?
False
Is 4102169347 a prime number?
False
Is 8184552011 prime?
True
Is 692817061 a composite number?
False
Is 44965189 prime?
True
Is 1557577453 composite?
True
Is 760423 a composite number?
False
Is 9201412889 a prime number?
True
Is 74571010463 a prime number?
True
Is 22134516259 prime?
True
Is 81193759 a composite number?
True
Is 1701959261 composite?
False
Is 11717351011 prime?
True
Is 17655649867 a composite number?
True
Is 59222604193 composite?
True
Is 59127355033 a composite number?
False
Is 14598473921 a composite number?
True
Is 6734404994 prime?
False
Is 16757597 composite?
True
Is 527620591 composite?
True
Is 199419525451 composite?
False
Is 870580621 a composite number?
True
Is 21720872323 composite?
False
Is 26912042893 prime?
False
Is 3350608411 a prime number?
False
Is 210785231 a prime number?
False
Is 97421447 a composite number?
True
Is 5448412301 a prime number?
True
Is 4659497047 prime?
False
Is 20665311397 prime?
False
Is 11352619615 a prime number?
False
Is 1977131189 a composite number?
True
Is 886470029 a prime number?
False
Is 15712288477 prime?
False
Is 1444009901 composite?
True
Is 5967855391 composite?
False
Is 52485200149 composite?
True
Is 20271430471 prime?
True
Is 12922291987 prime?
False
Is 13737402205 a composite number?
True
Is 17363651 a prime number?
True
Is 17119458827 a prime number?
True
Is 2472614449 a prime number?
True
Is 187678939 a prime number?
False
Is 596721187 a prime number?
True
Is 16870858921 composite?
True
Is 3560347577 composite?
False
Is 129854563921 a prime number?
False
Is 25016960077 a prime number?
False
Is 806742655 prime?
False
Is 129232333 a composite number?
True
Is 7644009811 composite?
False
Is 3351550297 prime?
False
Is 12449186147 a prime number?
False
Is 2862921599 composite?
False
Is 20909058985 a prime number?
False
Is 149292589 a prime number?
False
Is 135258281113 a composite number?
True
Is 806902949 composite?
False
Is 26779197121 composite?
False
Is 46795564691 a composite number?
False
Is 135392783459 composite?
True
Is 25460221091 a prime number?
True
Is 614217073 a prime number?
False
Is 2964681539 a composite number?
False
Is 437136437 composite?
True
Is 17126102129 prime?
True
Is 14164091047 prime?
True
Is 9644118607 composite?
False
Is 203409947333 prime?
False
Is 8940329911 a prime number?
False
Is 69345062617 a prime number?
True
Is 8946081313 a prime number?
False
Is 3302212405 composite?
True
Is 6263070881 a composite number?
False
Is 123148657 prime?
True
Is 371256433 composite?
True
Is 137337979969 prime?
True
Is 323785487 composite?
True
Is 3397142653 prime?
False
Is 43100196679 prime?
False
Is 939694783 composite?
False
Is 6538724821 a prime number?
True
Is 16639615471 a prime number?
True
Is 123823913 composite?
True
Is 9240228653 composite?
False
Is 5398355459 a prime number?
False
Is 23008471 composite?
True
Is 11416356649 prime?
True
Is 34566237883 prime?
False
Is 6284371183 prime?
True
Is 4512715463 a prime number?
False
Is 731797411 prime?
False
Is 1557619061 prime?
False
Is 1346710699 prime?
False
Is 273144749 composite?
False
Is 3209678347 a composite number?
False
Is 2382958843 prime?
False
Is 1653389555 prime?
False
Is 863596309 composite?
False
Is 23455650137 a composite number?
True
Is 236009281 a prime number?
False
Is 7882501147 composite?
True
Is 247360697 a prime number?
False
Is 1066384549 prime?
False
Is 16296501289 a composite number?
True
Is 933525667 composite?
True
Is 11511210619 a composite number?
True
Is 1209565991 prime?
True
Is 56287207489 a composite number?
False
Is 4807099403 prime?
True
Is 23610653 a composite number?
True
Is 1232594641 a composite number?
False
Is 15850385989 prime?
True
Is 2508436243 a prime number?
True
Is 3108102917 a composite number?
True
Is 74199 a prime number?
False
Is 10541472767 a composite number?
True
Is 873515 prime?
False
Is 3119310247 a composite number?
False
Is 258728879 prime?
False
Is 610951711 composite?
True
Is 1620631741 composite?
True
Is 100006223519 a prime number?
False
Is 258618862 a prime number?
False
Is 264172379 a composite number?
False
Is 2301947003 composite?
False
Is 8740139513 composite?
True
Is 7445122831 prime?
True
Is 12339813127 a composite number?
False
Is 413252273 a composite number?
True
Is 133777409 composite?
True
Is 7332106843 composite?
False
Is 11057110799 composite?
True
Is 7230926617 prime?
True
Is 1380186817 composite?
False
Is 74334416579 a composite number?
False
Is 57271574563 a prime number?
False
Is 1144817734 prime?
False
Is 1157298643 prime?
True
Is 884983471 a composite number?
False
Is 11955595787 a prime number?
False
Is 689754341 prime?
True
Is 86249287 a composite number?
True
Is 53564512229 a composite number?
False
Is 21712966861 a prime number?
False
Is 29855473 a prime number?
True
Is 56678982907 composite?
False
Is 22512849461 prime?
False
Is 138860607013 a prime number?
True
Is